{"id":510,"date":"2024-08-19T15:03:27","date_gmt":"2024-08-19T14:03:27","guid":{"rendered":"https:\/\/crumbsevents.com\/?page_id=510"},"modified":"2025-03-02T11:50:47","modified_gmt":"2025-03-02T10:50:47","slug":"robin-sharma-meo-arena","status":"publish","type":"page","link":"https:\/\/crumbsevents.com\/index.php\/robin-sharma-meo-arena\/","title":{"rendered":"Robin Sharma | MEO Arena"},"content":{"rendered":"\n<figure class=\"wp-block-image size-large\"><img fetchpriority=\"high\" decoding=\"async\" width=\"1024\" height=\"285\" src=\"https:\/\/crumbsevents.com\/wp-content\/uploads\/2024\/09\/1400-x-390-px-jpg_-Imagem-com-texto-1024x285.jpg\" alt=\"\" class=\"wp-image-558\" srcset=\"https:\/\/crumbsevents.com\/wp-content\/uploads\/2024\/09\/1400-x-390-px-jpg_-Imagem-com-texto-1024x285.jpg 1024w, https:\/\/crumbsevents.com\/wp-content\/uploads\/2024\/09\/1400-x-390-px-jpg_-Imagem-com-texto-300x84.jpg 300w, https:\/\/crumbsevents.com\/wp-content\/uploads\/2024\/09\/1400-x-390-px-jpg_-Imagem-com-texto-768x214.jpg 768w, https:\/\/crumbsevents.com\/wp-content\/uploads\/2024\/09\/1400-x-390-px-jpg_-Imagem-com-texto.jpg 1400w\" sizes=\"(max-width: 1024px) 100vw, 1024px\" \/><\/figure>\n\n\n\n<ul class=\"wp-block-social-links aligncenter is-layout-flex wp-block-social-links-is-layout-flex\"><li class=\"wp-social-link wp-social-link-facebook  wp-block-social-link\"><a href=\"https:\/\/www.facebook.com\/RobinSharmaOfficial\" class=\"wp-block-social-link-anchor\"><svg width=\"24\" height=\"24\" viewBox=\"0 0 24 24\" version=\"1.1\" xmlns=\"http:\/\/www.w3.org\/2000\/svg\" aria-hidden=\"true\" focusable=\"false\"><path d=\"M12 2C6.5 2 2 6.5 2 12c0 5 3.7 9.1 8.4 9.9v-7H7.9V12h2.5V9.8c0-2.5 1.5-3.9 3.8-3.9 1.1 0 2.2.2 2.2.2v2.5h-1.3c-1.2 0-1.6.8-1.6 1.6V12h2.8l-.4 2.9h-2.3v7C18.3 21.1 22 17 22 12c0-5.5-4.5-10-10-10z\"><\/path><\/svg><span class=\"wp-block-social-link-label screen-reader-text\">Facebook<\/span><\/a><\/li>\n\n<li class=\"wp-social-link wp-social-link-instagram  wp-block-social-link\"><a href=\"https:\/\/www.instagram.com\/robinsharma\" class=\"wp-block-social-link-anchor\"><svg width=\"24\" height=\"24\" viewBox=\"0 0 24 24\" version=\"1.1\" xmlns=\"http:\/\/www.w3.org\/2000\/svg\" aria-hidden=\"true\" focusable=\"false\"><path d=\"M12,4.622c2.403,0,2.688,0.009,3.637,0.052c0.877,0.04,1.354,0.187,1.671,0.31c0.42,0.163,0.72,0.358,1.035,0.673 c0.315,0.315,0.51,0.615,0.673,1.035c0.123,0.317,0.27,0.794,0.31,1.671c0.043,0.949,0.052,1.234,0.052,3.637 s-0.009,2.688-0.052,3.637c-0.04,0.877-0.187,1.354-0.31,1.671c-0.163,0.42-0.358,0.72-0.673,1.035 c-0.315,0.315-0.615,0.51-1.035,0.673c-0.317,0.123-0.794,0.27-1.671,0.31c-0.949,0.043-1.233,0.052-3.637,0.052 s-2.688-0.009-3.637-0.052c-0.877-0.04-1.354-0.187-1.671-0.31c-0.42-0.163-0.72-0.358-1.035-0.673 c-0.315-0.315-0.51-0.615-0.673-1.035c-0.123-0.317-0.27-0.794-0.31-1.671C4.631,14.688,4.622,14.403,4.622,12 s0.009-2.688,0.052-3.637c0.04-0.877,0.187-1.354,0.31-1.671c0.163-0.42,0.358-0.72,0.673-1.035 c0.315-0.315,0.615-0.51,1.035-0.673c0.317-0.123,0.794-0.27,1.671-0.31C9.312,4.631,9.597,4.622,12,4.622 M12,3 C9.556,3,9.249,3.01,8.289,3.054C7.331,3.098,6.677,3.25,6.105,3.472C5.513,3.702,5.011,4.01,4.511,4.511 c-0.5,0.5-0.808,1.002-1.038,1.594C3.25,6.677,3.098,7.331,3.054,8.289C3.01,9.249,3,9.556,3,12c0,2.444,0.01,2.751,0.054,3.711 c0.044,0.958,0.196,1.612,0.418,2.185c0.23,0.592,0.538,1.094,1.038,1.594c0.5,0.5,1.002,0.808,1.594,1.038 c0.572,0.222,1.227,0.375,2.185,0.418C9.249,20.99,9.556,21,12,21s2.751-0.01,3.711-0.054c0.958-0.044,1.612-0.196,2.185-0.418 c0.592-0.23,1.094-0.538,1.594-1.038c0.5-0.5,0.808-1.002,1.038-1.594c0.222-0.572,0.375-1.227,0.418-2.185 C20.99,14.751,21,14.444,21,12s-0.01-2.751-0.054-3.711c-0.044-0.958-0.196-1.612-0.418-2.185c-0.23-0.592-0.538-1.094-1.038-1.594 c-0.5-0.5-1.002-0.808-1.594-1.038c-0.572-0.222-1.227-0.375-2.185-0.418C14.751,3.01,14.444,3,12,3L12,3z M12,7.378 c-2.552,0-4.622,2.069-4.622,4.622S9.448,16.622,12,16.622s4.622-2.069,4.622-4.622S14.552,7.378,12,7.378z M12,15 c-1.657,0-3-1.343-3-3s1.343-3,3-3s3,1.343,3,3S13.657,15,12,15z M16.804,6.116c-0.596,0-1.08,0.484-1.08,1.08 s0.484,1.08,1.08,1.08c0.596,0,1.08-0.484,1.08-1.08S17.401,6.116,16.804,6.116z\"><\/path><\/svg><span class=\"wp-block-social-link-label screen-reader-text\">Instagram<\/span><\/a><\/li>\n\n\n\n<li class=\"wp-social-link wp-social-link-tiktok  wp-block-social-link\"><a href=\"https:\/\/www.tiktok.com\/@robin_sharma_official\" class=\"wp-block-social-link-anchor\"><svg width=\"24\" height=\"24\" viewBox=\"0 0 32 32\" version=\"1.1\" xmlns=\"http:\/\/www.w3.org\/2000\/svg\" aria-hidden=\"true\" focusable=\"false\"><path d=\"M16.708 0.027c1.745-0.027 3.48-0.011 5.213-0.027 0.105 2.041 0.839 4.12 2.333 5.563 1.491 1.479 3.6 2.156 5.652 2.385v5.369c-1.923-0.063-3.855-0.463-5.6-1.291-0.76-0.344-1.468-0.787-2.161-1.24-0.009 3.896 0.016 7.787-0.025 11.667-0.104 1.864-0.719 3.719-1.803 5.255-1.744 2.557-4.771 4.224-7.88 4.276-1.907 0.109-3.812-0.411-5.437-1.369-2.693-1.588-4.588-4.495-4.864-7.615-0.032-0.667-0.043-1.333-0.016-1.984 0.24-2.537 1.495-4.964 3.443-6.615 2.208-1.923 5.301-2.839 8.197-2.297 0.027 1.975-0.052 3.948-0.052 5.923-1.323-0.428-2.869-0.308-4.025 0.495-0.844 0.547-1.485 1.385-1.819 2.333-0.276 0.676-0.197 1.427-0.181 2.145 0.317 2.188 2.421 4.027 4.667 3.828 1.489-0.016 2.916-0.88 3.692-2.145 0.251-0.443 0.532-0.896 0.547-1.417 0.131-2.385 0.079-4.76 0.095-7.145 0.011-5.375-0.016-10.735 0.025-16.093z\" \/><\/svg><span class=\"wp-block-social-link-label screen-reader-text\">TikTok<\/span><\/a><\/li>\n\n<li class=\"wp-social-link wp-social-link-twitter  wp-block-social-link\"><a href=\"https:\/\/x.com\/RobinSharma\" class=\"wp-block-social-link-anchor\"><svg width=\"24\" height=\"24\" viewBox=\"0 0 24 24\" version=\"1.1\" xmlns=\"http:\/\/www.w3.org\/2000\/svg\" aria-hidden=\"true\" focusable=\"false\"><path d=\"M22.23,5.924c-0.736,0.326-1.527,0.547-2.357,0.646c0.847-0.508,1.498-1.312,1.804-2.27 c-0.793,0.47-1.671,0.812-2.606,0.996C18.324,4.498,17.257,4,16.077,4c-2.266,0-4.103,1.837-4.103,4.103 c0,0.322,0.036,0.635,0.106,0.935C8.67,8.867,5.647,7.234,3.623,4.751C3.27,5.357,3.067,6.062,3.067,6.814 c0,1.424,0.724,2.679,1.825,3.415c-0.673-0.021-1.305-0.206-1.859-0.513c0,0.017,0,0.034,0,0.052c0,1.988,1.414,3.647,3.292,4.023 c-0.344,0.094-0.707,0.144-1.081,0.144c-0.264,0-0.521-0.026-0.772-0.074c0.522,1.63,2.038,2.816,3.833,2.85 c-1.404,1.1-3.174,1.756-5.096,1.756c-0.331,0-0.658-0.019-0.979-0.057c1.816,1.164,3.973,1.843,6.29,1.843 c7.547,0,11.675-6.252,11.675-11.675c0-0.178-0.004-0.355-0.012-0.531C20.985,7.47,21.68,6.747,22.23,5.924z\"><\/path><\/svg><span class=\"wp-block-social-link-label screen-reader-text\">Twitter<\/span><\/a><\/li><\/ul>\n\n\n\n<p><strong>Robin Sharma em Portugal!<\/strong><\/p>\n\n\n\n<p>O <strong>Doutor Finan\u00e7as<\/strong>, empresa especializada em finan\u00e7as pessoais &nbsp;e familiares, e a promotora <strong>Crumbs Events<\/strong>, organizam a 2 de mar\u00e7o de 2025 um evento \u00fanico com um dos maiores especialistas em lideran\u00e7a do &nbsp;mundo, <strong>Robin Sharma<\/strong>.&nbsp;<\/p>\n\n\n\n<p><br>Todos os participantes ir\u00e3o ter a oportunidade de vivenciar uma experi\u00eancia \u00edmpar, numa &nbsp;sess\u00e3o imersiva de duas horas com o <strong>guru da lideran\u00e7a<\/strong>, reconhecido como mentor de &nbsp;figuras como o especialista em intelig\u00eancia emocional Deepak Chopra, o <strong>Nobel da Paz<\/strong> &nbsp;Desmond Tutu, o autor e cantor Jon Bon Jovi, ou membros da fam\u00edlia real brit\u00e2nica. &nbsp;<\/p>\n\n\n\n<p><br>\u201c<strong>\u00c9 importante para o Doutor Finan\u00e7as, enquanto fonte de mentoria no equil\u00edbrio &nbsp;entre a gest\u00e3o das finan\u00e7as pessoais e o bem-estar , contribuir com perspetivas originais sobre a realidade e oportunidades de contacto com quem inspira os &nbsp;l\u00edderes globais. Este evento oferece um programa completo com um dos maiores &nbsp;oradores inspiracionais no campo da gest\u00e3o e do desenvolvimento pessoal. &nbsp;Como ajudar a realizar o seu potencial inato \u00e9 um dos temas que vai ser o foco&nbsp;<\/strong><br><strong>neste evento<\/strong>\u201d, refere S\u00e9rgio Cardoso, Chief Education Officer do Doutor Finan\u00e7as.&nbsp;<\/p>\n\n\n\n<p><br><strong>Robin Sharma<\/strong>, conhecido pelo seu estilo inspirador e envolvente, possui a rara capacidade de conectar-se com a sua audi\u00eancia, partilhando conselhos concretos que &nbsp;os participantes podem aplicar diariamente nas suas vidas e carreiras.&nbsp;<\/p>\n\n\n\n<p><br>Robin Sharma, autor de 16 bestsellers internacionais como \u201c<strong>O monge que vendeu o seu Ferrari<\/strong>\u201d, \u201c<strong>O clube das 5 da Manh\u00e3<\/strong>\u201d ou \u201c<strong>O l\u00edder sem t\u00edtulo<\/strong>\u201d vai abordar &nbsp;tem\u00e1ticas relacionadas com a lideran\u00e7a, a import\u00e2ncia da disciplina, &nbsp;gest\u00e3o de tempo e o desenvolvimento pessoal. &nbsp;<\/p>\n\n\n\n<p>O evento ter\u00e1 a op\u00e7\u00e3o de escolha de tradu\u00e7\u00e3o em portugu\u00eas.<\/p>\n\n\n\n<p><\/p>\n\n\n\n<figure class=\"wp-block-embed is-type-video is-provider-youtube wp-block-embed-youtube wp-embed-aspect-16-9 wp-has-aspect-ratio\"><div class=\"wp-block-embed__wrapper\">\n<iframe title=\"Robin Sharma em Portugal | MEO Arena | 02.03.2025\" width=\"1140\" height=\"641\" src=\"https:\/\/www.youtube.com\/embed\/qLR7tVpBpR0?feature=oembed\" frameborder=\"0\" allow=\"accelerometer; autoplay; clipboard-write; encrypted-media; gyroscope; picture-in-picture; web-share\" referrerpolicy=\"strict-origin-when-cross-origin\" allowfullscreen><\/iframe>\n<\/div><\/figure>\n\n\n\n<p><\/p>\n","protected":false},"excerpt":{"rendered":"<p>Robin Sharma em Portugal! O Doutor Finan\u00e7as, empresa especializada em finan\u00e7as pessoais &nbsp;e familiares, e a promotora Crumbs Events, organizam &hellip; <a href=\"https:\/\/crumbsevents.com\/index.php\/robin-sharma-meo-arena\/\" class=\"more-link\">Continue reading <span class=\"screen-reader-text\">Robin Sharma | MEO Arena<\/span><\/a><\/p>\n","protected":false},"author":1,"featured_media":0,"parent":0,"menu_order":0,"comment_status":"closed","ping_status":"closed","template":"","meta":{"_themeisle_gutenberg_block_has_review":false,"footnotes":""},"class_list":["post-510","page","type-page","status-publish","hentry"],"_links":{"self":[{"href":"https:\/\/crumbsevents.com\/index.php\/wp-json\/wp\/v2\/pages\/510","targetHints":{"allow":["GET"]}}],"collection":[{"href":"https:\/\/crumbsevents.com\/index.php\/wp-json\/wp\/v2\/pages"}],"about":[{"href":"https:\/\/crumbsevents.com\/index.php\/wp-json\/wp\/v2\/types\/page"}],"author":[{"embeddable":true,"href":"https:\/\/crumbsevents.com\/index.php\/wp-json\/wp\/v2\/users\/1"}],"replies":[{"embeddable":true,"href":"https:\/\/crumbsevents.com\/index.php\/wp-json\/wp\/v2\/comments?post=510"}],"version-history":[{"count":11,"href":"https:\/\/crumbsevents.com\/index.php\/wp-json\/wp\/v2\/pages\/510\/revisions"}],"predecessor-version":[{"id":663,"href":"https:\/\/crumbsevents.com\/index.php\/wp-json\/wp\/v2\/pages\/510\/revisions\/663"}],"wp:attachment":[{"href":"https:\/\/crumbsevents.com\/index.php\/wp-json\/wp\/v2\/media?parent=510"}],"curies":[{"name":"wp","href":"https:\/\/api.w.org\/{rel}","templated":true}]}}